{"id":36,"date":"2017-01-21T16:12:27","date_gmt":"2017-01-21T15:12:27","guid":{"rendered":"http:\/\/www.blog.aventerre.fr\/?page_id=36"},"modified":"2017-03-06T14:44:34","modified_gmt":"2017-03-06T13:44:34","slug":"ce-que-je-propose","status":"publish","type":"page","link":"https:\/\/www.aventerre.fr\/?page_id=36","title":{"rendered":"Ce que je propose"},"content":{"rendered":"<h4 style=\"text-align: left;\">\u00a0Int\u00e9grer la contrainte carbone\u00a0 dans les\u00a0 fili\u00e8res agricoles, alimentaires et foresti\u00e8res<\/h4>\n<p><img loading=\"lazy\" class=\"alignnone size-medium wp-image-37\" src=\"http:\/\/www.blog.aventerre.fr\/wp-content\/uploads\/2017\/01\/IMG_0050-300x225.jpg\" alt=\"\" width=\"300\" height=\"225\" srcset=\"https:\/\/www.aventerre.fr\/wp-content\/uploads\/2017\/01\/IMG_0050-300x225.jpg 300w, https:\/\/www.aventerre.fr\/wp-content\/uploads\/2017\/01\/IMG_0050-768x576.jpg 768w, https:\/\/www.aventerre.fr\/wp-content\/uploads\/2017\/01\/IMG_0050-1024x768.jpg 1024w\" sizes=\"(max-width: 300px) 100vw, 300px\" \/><img loading=\"lazy\" class=\"wp-image-41 alignright\" src=\"http:\/\/www.blog.aventerre.fr\/wp-content\/uploads\/2017\/01\/94052_049.jpg\" width=\"120\" height=\"184\" \/><\/p>\n<p>&nbsp;<\/p>\n<p>Les \u00e9missions du secteur agricole en France repr\u00e9sentent\u00a0 20% des \u00e9missions de l&rsquo;ensemble des secteurs.<\/p>\n<p>Les voies d&rsquo;une am\u00e9lioration de ce bilan ont fait l&rsquo;objet de nombreux travaux ces derni\u00e8res ann\u00e9es. Les marges de progr\u00e8s de ce secteur sont importantes. Elles supposent un retour aux principes fondamentaux de l&rsquo;agronomie et de l&rsquo;\u00e9cologie.<\/p>\n<p>Les fili\u00e8res foresti\u00e8res doivent int\u00e9grer leur r\u00f4le de s\u00e9questration du carbone et de support de\u00a0 biodiversit\u00e9 dans leurs objectifs de gestion. Les pouvoirs publics agissent dans ce sens.<\/p>\n<p>Des outils existent pour quantifier l&rsquo;impact des choix \u00e0 venir, que ce soit au niveau d&rsquo;une entreprise, d&rsquo;une fili\u00e8re ou d&rsquo;un territoire.<\/p>\n<p>J&rsquo;ai voulu lier \u00e0 mon exp\u00e9rience professionnelle ant\u00e9rieure l&rsquo;usage de nouveaux outils permettant d&rsquo;\u00e9laborer des sc\u00e9narios d&rsquo;avenir.<\/p>\n<p>Les diagnostics \u00e9nergie et GES d&rsquo;exploitations agricoles, permettant d&rsquo;\u00e9laborer des plans de performance \u00e9nerg\u00e9tique, constituent l&rsquo;essentiel de mes r\u00e9f\u00e9rences.<\/p>\n<p>Les diagnostics\u00a0 de territoire\u00a0 n\u00e9cessitent une approche plus lourde, une animation dans la dur\u00e9e, mais peuvent mettre en mouvement un groupe d&rsquo;acteurs autour de projets collectifs. C&rsquo;est l&rsquo;objectif de la d\u00e9marche Clim&rsquo;Agri, que je vous propose:<\/p>\n<p><a href=\"http:\/\/www.ademe.fr\/expertises\/produire-autrement\/production-agricole\/passer-a-laction\/dossier\/levaluation-environnementale-agriculture\/loutil-climagri\">Clim&rsquo;Agri<\/a><\/p>\n<p>&nbsp;<\/p>\n<p>Mon profil\u00a0 professionnel ci-dessous :<\/p>\n<p><a href=\"http:\/\/www.aventerre.fr\/wp-content\/uploads\/2017\/01\/mon_cursus-1.pdf\">mon_cursus<\/a><\/p>\n<p>&nbsp;<\/p>\n<p>Plaquette de pr\u00e9sentation d&rsquo;Aventerre \u00e0 t\u00e9l\u00e9charger:<\/p>\n<p><a href=\"http:\/\/www.blog.aventerre.fr\/wp-content\/uploads\/2017\/01\/pr\u00e9sentation-activit\u00e9s.pdf\">pr\u00e9sentation activit\u00e9s<\/a><\/p>\n<p>&nbsp;<\/p>\n<p>&nbsp;<\/p>\n","protected":false},"excerpt":{"rendered":"<p>\u00a0Int\u00e9grer la contrainte carbone\u00a0 dans les\u00a0 fili\u00e8res agricoles, alimentaires et foresti\u00e8res &nbsp; Les \u00e9missions du secteur agricole en France repr\u00e9sentent\u00a0 20% des \u00e9missions de l&rsquo;ensemble des secteurs. Les voies d&rsquo;une am\u00e9lioration de ce bilan ont fait l&rsquo;objet de nombreux travaux ces derni\u00e8res ann\u00e9es. Les marges de progr\u00e8s de ce secteur sont importantes. Elles supposent un &hellip; <\/p>\n<p class=\"link-more\"><a href=\"https:\/\/www.aventerre.fr\/?page_id=36\" class=\"more-link\">Continuer la lecture<span class=\"screen-reader-text\"> de &laquo;&nbsp;Ce que je propose&nbsp;&raquo;<\/span><\/a><\/p>\n","protected":false},"author":1,"featured_media":0,"parent":0,"menu_order":0,"comment_status":"closed","ping_status":"closed","template":"","meta":[],"_links":{"self":[{"href":"https:\/\/www.aventerre.fr\/index.php?rest_route=\/wp\/v2\/pages\/36"}],"collection":[{"href":"https:\/\/www.aventerre.fr\/index.php?rest_route=\/wp\/v2\/pages"}],"about":[{"href":"https:\/\/www.aventerre.fr\/index.php?rest_route=\/wp\/v2\/types\/page"}],"author":[{"embeddable":true,"href":"https:\/\/www.aventerre.fr\/index.php?rest_route=\/wp\/v2\/users\/1"}],"replies":[{"embeddable":true,"href":"https:\/\/www.aventerre.fr\/index.php?rest_route=%2Fwp%2Fv2%2Fcomments&post=36"}],"version-history":[{"count":19,"href":"https:\/\/www.aventerre.fr\/index.php?rest_route=\/wp\/v2\/pages\/36\/revisions"}],"predecessor-version":[{"id":179,"href":"https:\/\/www.aventerre.fr\/index.php?rest_route=\/wp\/v2\/pages\/36\/revisions\/179"}],"wp:attachment":[{"href":"https:\/\/www.aventerre.fr\/index.php?rest_route=%2Fwp%2Fv2%2Fmedia&parent=36"}],"curies":[{"name":"wp","href":"https:\/\/api.w.org\/{rel}","templated":true}]}}